e highest common divisor of 4579 and g?
19
Let g(j) = -j**2 - 37*j + 8. Let w be g(-37). What is the greatest common divisor of 5948 and w?
4
Let g(t) = -t**2 + t - 89. Let i be g(0). Suppose 2*r = -5*u + 175, -4*u + 266 = 816*r - 813*r. Let h = r + i. What is the highest common divisor of 7 and h?
1
Let y(j) = 12*j + 537. Let w be y(-41). Let h(u) = u**3 + 11*u**2 - 3*u - 3. Let a = -12 - -1. Let l be h(a). What is the greatest common divisor of w and l?
15
Let b = -110 - -105. Let t be (8 + (-124 - b))*10/(-6). What is the highest common divisor of t and 111?
37
Suppose 32 = -0*q + 8*q. Suppose -q*l = -l - 9. Suppose 0 = 4*x - 2*o - 74, -5*x + l*o + 70 = -25. Calculate the greatest common factor of x and 8.
8
Let i be (2 - (-3 - -6)) + -196. Let j(d) = 2*d**2 + 49*d + 40. Let t be j(-21). Let x = t - i. Calculate the greatest common divisor of 36 and x.
18
Let o be ((-2)/2)/((-2655378)/204259 - -3 - -10). What is the greatest common divisor of o and 31?
31
Suppose 121 = -3*f + 589. Let l = 377 - 365. Suppose -4*y + l = -4*u - 12, 0 = -3*u. What is the highest common factor of f and y?
6
Let w(f) = 18*f + 146. Let n be w(-16). Let l = n + 362. What is the greatest common factor of 40 and l?
20
Suppose 5*q + 305 = -5*h, 5*h - 118 + 413 = -3*q. Let r be 1353/8 - 1 - (-7)/h. Let o = -15 + 57. What is the greatest common divisor of r and o?
42
Let q = 484 - 504. Suppose 3*h - 4*h + 25 = 0. Let d = h + q. What is the highest common divisor of d and 5?
5
Let u be -2 - 3 - (-7 - (-5 + 3)). Suppose u = -21*k - 11*k + 8960. Calculate the greatest common factor of k and 160.
40
Let v be (-18)/10*80/(-48) - -231. Let l = -3 + v. Calculate the greatest common factor of 33 and l.
33
Let w(r) = 20*r. Let z = 5 + 5. Let u be w(z). Let n be 1/(-7 - 220/(-125)*4)*1. Calculate the highest common factor of n and u.
25
Suppose d - 14345 = -21*d + 25915. What is the highest common factor of d and 60?
30
Suppose 4*v + 6*y - 9720 = 8*y, -4*y = -5*v + 12150. Calculate the greatest common factor of 135 and v.
135
Suppose -6*j = -8*j + 8120. Suppose j = -23*l + 9580. What is the greatest common factor of 96 and l?
48
Let i(u) = 4*u + 11. Let p be i(-2). Suppose w - 104 = -p*r, -5*r - 6*w = -2*w - 178. What is the greatest common divisor of r and 442?
34
Suppose 0 = -69*y + 86007 + 10248. Calculate the greatest common factor of y and 775.
155
Let z(l) = -l + 34. Let j be 49/2 - 4/(-8). Suppose 13 = 2*n - j. Let p be z(n). Calculate the greatest common divisor of p and 120.
15
Let f(z) = -27*z + 184 + 5*z**2 - 93 - 96. Let o be f(8). What is the greatest common divisor of o and 66?
33
Suppose -11 = -j - 5*s, -13 = -5*j + 4*j - 3*s. Let q = 220 - 20. Calculate the greatest common factor of q and j.
8
Let f be 680/110 - (-6 - 136/(-22)). Let d = 16 - -30. Suppose 0 = 3*j - t - d, -f = 4*j - t - 66. Calculate the greatest common factor of j and 154.
14
Let n(h) = 41*h**2 + 70. Let z be n(-7). Suppose 0 = 3*m - 2*f - 1572, -4*m - 2*f + z = f. Calculate the highest common factor of 29 and m.
29
Suppose -41 = 17*g - 75. What is the greatest common factor of g and 1196?
2
Let v be (11 - -7)/18 + (-718)/(-2). What is the greatest common divisor of 945 and v?
45
Let h be 1253 - (36/(-6))/(-1). What is the highest common divisor of h and 174?
29
Suppose 0 = 46*h - 57*h + 297. Let b(n) = -13*n + 1. Let p be 1/4 + 27/(-12). Let z be b(p). What is the greatest common divisor of z and h?
27
Suppose 5*w - 10648 = 3*j, -2*j = 2*w - 0*j - 4272. Suppose -312 = 13*t - w. What is the greatest common factor of t and 105?
35
Suppose -i + k = 4*i - 198, i - k = 38. Let o = 382 + -242. What is the greatest common divisor of o and i?
20
Let v = -221 - -266. Let b be (-4 - -1)*-55*3. Calculate the highest common divisor of b and v.
45
Let u(q) = q**3 - 30*q**2 + 55*q + 59. Let x be u(28). Suppose -540 = x*m - 36*m. Calculate the greatest common factor of m and 24.
12
Let x = 750 + -408. Let c(k) = -k**3 + 28*k**2 - 169*k + 20. Let o be c(9). What is the highest common factor of x and o?
38
Let j(a) = -87*a + 1191. Let x be j(12). What is the greatest common factor of 24 and x?
3
Suppose -2*t + 25 = -63. Let x = 24 + -60. Let m be (2/(-6))/(3/x). What is the greatest common divisor of m and t?
4
Suppose 0 = 3*p + 314 + 46. Let m = p + 146. Calculate the greatest common divisor of 208 and m.
26
Let t be 3774/6 + (-10)/((-90)/(-81)). Calculate the greatest common divisor of 1085 and t.
155
Let h(p) be the first derivative of p**3 + 9*p**2 + 33*p - 247. Let t be h(-2). What is the greatest common divisor of t and 6?
3
Suppose -11*i + 49587 = 8579. Calculate the highest common factor of i and 16.
16
Let x(r) = -7730*r - 266. Let k be x(-2). Calculate the highest common factor of 284 and k.
142
Let p be (-3 + (-210)/(-45))*(-90)/(-25). Let o(v) = -v**3 - 4*v**2 + 3. Let r be o(-7). What is the highest common divisor of r and p?
6
Let p(k) = 22*k - 2. Let u be p(-5). Let d = 168 + u. Calculate the highest common factor of 112 and d.
56
Suppose a + m + 269 = 0, 4*a + a - m = -1327. Let o = a + 356. Calculate the greatest common divisor of o and 54.
18
Let h = 1509 - 1492. Let o(b) = 10*b**2 + 3*b + 4. Let d be o(-3). What is the highest common factor of h and d?
17
Let z = 33945 + -33907. Suppose -2*r + 5*k + 185 = 0, -478 = -5*r - 3*k - 0*k. What is the highest common factor of r and z?
19
Suppose 0 = x - 19 - 36. Let r be -1*4 + (178 + -4)/(-3). Let n = r - -73. What is the greatest common divisor of n and x?
11
Let t be (-1749)/(-7) + (-9)/(-63). Suppose -t*r + 30 = -245*r. What is the highest common divisor of 40 and r?
2
Suppose 2*x + 362 = -5*k + x, x + 70 = -k. Let v = 26 - k. Suppose 4*p + 6*c = -12, -3*p + 9*c - 11*c = -11. What is the greatest common factor of p and v?
9
Let t = 17 + -17. Suppose -3*w = 2*j - 4, t*w - 16 = -2*j + 3*w. Suppose -3*h = -j*h + 48. What is the highest common factor of 36 and h?
12
Suppose 100 = 4*v - 12. Suppose 0 = 4*d + 334 - 38. Let p = -60 - d. What is the highest common divisor of p and v?
14
Suppose -2*u = -m - 6, -3*u + 5*m = 7 - 2. Suppose 0*r + 58 = 2*w - 2*r, 46 = 2*w + r. What is the greatest common divisor of u and w?
5
Let f(j) = 2*j**2 - 8*j - 16. Let a(i) = -i + 16. Let p be a(8). Let k be f(p). Suppose 0 = -k*h + 46*h + 44. Calculate the greatest common factor of h and 2.
2
Let i be (2 - 2)/(-8 - -6). Suppose -4*l - 3*l + 140 = i. Calculate the greatest common factor of l and 60.
20
Suppose 41*v - 73*v + 96 = 0. Suppose 2*u = -5*n + 80, -5*u + 4 = -v*n + 21. Calculate the highest common divisor of 350 and n.
14
Let p be (3/(-5))/(82/(-410)) - -186. Calculate the greatest common factor of 217 and p.
7
Suppose 462*j = 496*j - 42330. Calculate the greatest common divisor of j and 75.
15
Suppose 5*c - 3*w = 2*w + 65, 0 = -5*w - 35. Let l = 68 + -41. Calculate the highest common factor of l and c.
3
Suppose 0 = -3*w + a + 32, 5*w - 66 + 14 = a. Let y(i) = 19*i - 6. Let f be y(4). What is the highest common factor of f and w?
10
Let c be -1*((-5)/(-1) + 0 - 16). Let r = -506 + 847. Calculate the highest common divisor of c and r.
11
Suppose -4*z = -4*j + 36, 5 = -4*j - 4*z + 57. Suppose j*v + v - 204 = 0. Calculate the highest common divisor of 34 and v.
17
Suppose -403*g = -6298 - 2568. Let k be 2 + 0 - -2 - 1. Suppose 4*m + k*j - 333 = 16, -2*j = 2. What is the greatest common divisor of m and g?
22
Let i(b) = 33*b**2 - 36*b - 124. Let f be i(-9). Calculate the greatest common factor of f and 169.
169
Suppose k + 5*h + 95 = 123, -2*k - 3*h + 84 = 0. What is the highest common factor of 58 and k?
2
Let t = 575 - 567. Let s be t + (50 - (5 + -3)). Let l(g) = -3*g**3 - 3*g**2 + 2*g + 4. Let f be l(-4). What is the greatest common factor of f and s?
28
Let r(o) = -45*o - 389. Let d be r(-9). What is the highest common factor of 4816 and d?
16
Let l = -99 - -682. Calculate the highest common factor of l and 88.
11
Suppose -54*a + 318237 = -34*a + 41*a. Calculate the greatest common factor of 222 and a.
111
Suppose -v + 47 = k, 0*v - 4*v - 5*k + 184 = 0. Suppose 8*n = v + 5. What is the highest common divisor of n and 63?
7
Suppose -6*o - 3 + 99 = 0. Suppose -4 = -n - m, 2*n - m + o = 3*m. Suppose 9*w - 878 + 122 = n. Calculate the highest common divisor